 - 109 - (-25 + -24).
-20
-20 - (2 - 2) - -32 - -3
15
-3 + (-5 - 1 - 2) + -21 + 12 + -26
-46
Evaluate -7 + 5 - -2 - 2 - (33 - (37 + -38)).
-36
Evaluate (34 - (33 - (12 + 0))) + 39.
52
What is the value of 44 - 9 - 41 - -43?
37
What is the value of -32 + (2 - -1 - (-1 - 7 - (453 + -470)))?
-38
What is the value of 214 + -86 - (-8 + 67)?
69
Calculate -109 + 118 - (4 + 60 - (-4 - -1)).
-58
4 + (-16 - 77) + (-7 - -7) + 8
-81
What is 49 - (-59 + (48 - -35))?
25
Evaluate -123 - -123 - (7 + (-6 - (7 - 7))).
-1
What is the value of (1 - 28 - (-72 - -69) - -19) + (-42 - 2)?
-49
Evaluate -1 + 20 + (-70 - -44) + 53.
46
What is -25 + -29 + 14 + -4 + -2 + (-8 - -4)?
-50
Evaluate 5 + -1 + (68 - 83 - (-16 + 6)) + 10.
9
9 + 10 + 9 + -19 - -9 - (-1 + 4)
15
Evaluate 34 + (-61 - -25) + 51.
49
What is the value of -10 + 0 + 1 - (795 + -566 + -245)?
7
(92 - 46) + 23 + -59
10
71 + 144 + -240 + (0 + 2 - -39)
16
What is 4 + -5 + -15 - (-209 - -221)?
-28
What is 5 - (132 - 9 - (-10 - -9 - (4 - -6)))?
-129
What is 0 - (1 + -48) - (-894 + 905)?
36
Calculate 1 + 4 - (2 - (-33 - -54)).
24
What is -52 - (18 + -9 - -5 - (33 + -11))?
-44
Calculate 91 + (-30 - 86) - -133.
108
Evaluate 32 + (-30 + 10 - -35 - 27).
20
(20 - (20 - 9)) + -19 - -15
5
What is the value of -1 + 18 + (-5 + 12 + -48 - -17 - -14)?
7
What is -17 - (4 + -7 + 3 + -10) - (62 - -1)?
-70
What is the value of 90 + -42 - 40 - 11 - 2?
-5
-91 + (74 - (-29 - 5))
17
What is the value of 17 + 4 - (-14 + 19 + 1 + -9)?
24
What is (-88 - (-17 + -29)) + -3 + -25?
-70
Evaluate 3 + 48 + (35 - 45 - 13).
28
(-83 - (-73 - 56)) + 10
56
Calculate 6 + -30 - -29 - (24 + 5).
-24
-2 + -7 - (14 + (-5 - 0) - (76 + -1))
57
What is (27 - 29) + 0 + (1 - -38) + (-2491 - -2498)?
44
Calculate (10 - (3 + -5)) + -12 - -10.
10
Evaluate 37 + -3 + -1 + 1 - (-2 + -30 + 26).
40
What is the value of (1 + (34 - 12) - 11) + 4 + -41?
-25
What is the value of (-40 + 2 - (7 - (-18 - -16))) + -55 + 64?
-38
Calculate 28 + 2 + (-562 - -427) - -27.
-78
Calculate -99 + (-50 - 5 - (-21 - 14)).
-119
Calculate -1 + 123 - (-869 + 934).
57
What is the value of -10 - (10 + -16) - (33 + -46) - 78?
-69
(8 - 4) + -71 + (4 - -13) + -13 + -2
-65
Calculate (6 - (-3 - -3 - 2)) + (-8 + 31 - -12).
43
What is the value of -5 - (49 + -3) - (6 - 1)?
-56
0 + (0 + -39 + -7 - (-1 + -11 - -11))
-45
What is 22 - 20 - (21 + -25)?
6
Calculate (-73 + 72 + 9 - (1 + 51)) + (-5 - 3).
-52
Calculate -8 - (-7 + (14 - 7) + -15).
7
Calculate 6 - (4 + -7) - (972 - 997).
34
-2 + -37 - (-330 + 385)
-94
-24 + 9 + -67 + -22 + (-5 - -20)
-89
Calculate -32 + 2 + -181 + 48 + 99.
-64
Calculate (0 - -1) + 2355 + -2413.
-57
Calculate (-109 - -192) + (2 - 30).
55
What is (-2 - (1 + 0)) + (-13 - (20 + -27)) + -4?
-13
Evaluate -17 - (33 + 20 - 121).
51
(146 - (67 + -18)) + -23
74
Evaluate -4537 + 4568 + -1 + (-62 - -5).
-27
(-13 - (2 + -3 + -15)) + 9 + -64
-52
What is the value of -127 - -22 - (214 + -227)?
-92
2 + 36 + (7 + -2 - 11)
32
Evaluate -140 + 28 + 6 - ((-11 - -6) + -10).
-91
What is 2 - 1 - (-2716 + 2762)?
-45
192 - -10 - 74 - (-6 - (-16 - -5))
123
Calculate 21 - (-22 - ((42 - 69) + 11)).
27
What is (21 - (13 - (-25 + 16))) + 3 + -12?
-10
Evaluate -42 + (-31 - 4 - -16) + -12.
-73
What is -9 - (-76 + 142 + -67)?
-8
-62 + -7 + -74 + 196
53
What is -278 + 246 + (5 - 1)?
-28
-12 + -1 + 13 + 48 + -77 - 15
-44
Calculate 35 + -76 + 56 + 26.
41
-47 + -16 + 2 + 64
3
What is (11 + -1 - 13 - -4 - 38) + 16?
-21
What is -87 - (-28 - (19 + 0))?
-40
What is -15 + (-17 - (-69 + 19)) - (4 + 4 + -20)?
30
Evaluate -10 + (9 - (-14 - -33) - -14) + -65 + -5.
-76
What is (7 + -5 + -11 - -12 - 1) + (-43 - -5)?
-36
Evaluate 0 + -1 - 124 - (535 + -45 - 496).
-119
What is the value of 145 - (250 - 85) - -9?
-11
Calculate (-79 - ((-6 + 3 - (-9 + 4)) + -5)) + 1.
-75
Evaluate 1 + (-1 - -10) + 2 - (331 + -319).
0
45 - 57 - (-1 + (9 - 6) - 3)
-11
(-40 - -18) + 10 - -5 - (-51 - -1 - 0)
43
Evaluate 35 + -106 + (-12 - 7 - -4) + 8.
-78
What is -34 - (-62 - -55) - -111?
84
Evaluate (5 - -1) + 1 - (-9 + 18 + 40).
-42
32 - 0 - (87 - (-46 + 67))
-34
Calculate 69 - (-28 + (22 - -7) - 3).
71
Evaluate -7 + (11 + -42 + 29 - (-37 - 1)).
29
Evaluate 31 + (-32 - (-19 - 46)) + 22.
86
Calculate -81 + 45 + 10 + -27 + 17.
-36
Evaluate -21 + 13 + 6 + -8 + -43 + -5 + 3.
-55
What is the value of 64 - (45 + (15 - 24))?
28
What is the value of 12 + -1 + 45 + 19 + -23 + (2 - 3)?
51
What is 6 + 49 + -4 + 1 + (503 - 483)?
72
What is the value of -6 + (-7 - (11 + -8) - (48 + -92))?
28
Calculate 9 + -16 + -3 + -1 - (-1 + -112 - 3).
105
What is (169 - (106 - -66)) + (0 - 0) + -36?
-39
Evaluate -12 - -13 - (-2 + (-3 - -6)) - -2 - -44.
46
Calculate 74 + (-2 - 33) - 19.
20
28 - (-143 - -162) - (-1 + -1 + 105)
-94
What is the value of 1 + (-2 - 0) + -12 + -1 - (-255 + 253)?
-12
Calculate (-26 - 48) + 29 + (-18 - -21).
-42
What is the value of -9 + -30 - -39 - 65?
-65
Evaluate -11 + 2 - (13 + -35) - (-15 - (8 - 15)).
21
What is the value of -1083 + 1156 - (2 - (-6 + 29 - 0))?
94
What is 10 + (-9 - -21) + -37 + -65?
-80
(28 + -26 - (-1 + 23)) + (69 - 63)
-14
What is the value of (1 - -117) + 0 + 0 + -31 + 340 + -314?
113
Evaluate -132 - -140 - (0 - 9 - (4 + -1)).
20
Calculate -13 + (6 + -13 + 14 - 6) - -46.
34
Evaluate -18 + (-19 - -30 - -28).
21
Calculate (16 - 14) + 10 + -3 - (0 - -44) - -7.
-28
5 + -48 + 0 - (-37 + 18 - -11)
-35
What is (24 - (37 + -20)) + 6 + (7 - 8) + 68?
80
What is the value of -5 - (-8 + 26 - (-11 - -32)) - 69?
-71
Calculate 13 - -1 - (-469 + 403) - (-2 + 14).
68
What is the value of (108 - 7) + (-5 - (8 - -11))?
77
Evaluate 7 - (9 - (6 + (-9 - -2) + -6)) - -32.
23
What is the value of (4 - 10) + -123 + -12 + 47?
-94
Evaluate (2 - ((3 - 14) + 28)) + (35 + -11 - -16).
25
What is -6 + (3 + (-5 - -4 - 47) - (60 + -69))?
-42
Evaluate 11 + -66 - -24 - -46.
15
Calculate (-1 - 1 - 106) + (-100 - 0) + (7310 - 7226).
-124
What is (5 - (64 + -19) - 0) + 12?
-28
What is the value of -27 + 45 - (-13 + 4 - -13)?
14
What is the value of 1 - 11 - (24 + 8 + (-97 - 3))?
58
What is the value of 0 - (1 + 4) - (-23 - -16 - -3 - 17)?
16
46 - ((129 - (-23 - -70)) + -9)
-27
43 + -53 - (-433 - -317 - (-16 + 0))
90
Evaluate (-69 - (8 + -57)) + -14 + -3.
-37
Calculate 2361 + -2395 - (28 + -4 + 5).
-63
What is -27 + (11 - (-39 + -10)) - 65?
-32
What is the value of 25 - (44 + (-21 - 0))?
2
Calculate (-8 + -9 - 2) + 40 + -57.
-36
(69 - 9 - (9 - 11)) + 3 + -4
61
Evaluate 12 - 9 - ((15 - 16) + 2) - -37.
39
Calculate 28 + (-39 + 4 + 11 - -2).
6
What is the value of 29 + (-9 + -6 - (1 - (29 - -2)))?
44
What is -30 - (15 - (2 + 0 + (14 - 1)))?
-30
Evaluate -504 + 665 + (7 - 89).
79
Calculate -415 + 405 - (-7 - (5 + 100 + 5)).
107
1 + -129 - (199 + 225 + -442)
-110
Evaluate 5 + (1 - 47) + 43 + 0 + -1.
1
What is the value of 1321 + -1319 - (10 + 1 + -1) - -27?
19
What is the value of (-8 + -4 - -10 - 14) + 47?
31
What is the value of 2 + 11 - 7 - (-2 + (-5 - 21) - 6)?
40
What is (23 - -26) + -26 + -11 + 1?
13
Evaluate (26 - -62) + -29 + -81.
-22
-126 - -10 - (-553 - -516)
-79
Evaluate 16 + -12 + 13 + (7 - 74).
-50
-33 - (28 - (70 + -98))
-89
Evaluate (-5 + -25 + 16 - -7 - 5) + -13.
-25
What is the value of 18 - 59 - (96 - 102)?
-35
Evaluate 0 + 2 + 22 + -1 - (-14 - -76 - 60).
21
Evaluate (-38 - (54 + -9)) + 8 + 10.
-65
What is -45 + (50 - 25 - 20) + -4?
-44
What is -23 - (-48 - (23 - (-7 - 9)))?
64
Calculate -27 + -19 + (21 - -19) + (-4 - -1) - 75.
-84
What is the value of (-5 - -4) + 7 - (-18 + 0 + 11)?
13
Evaluate -1 + -7 - (-4 - 38 - 20).
54
What is (79 - (-90 - -143)) + -2 + 10?
34
Calculate -44 - (13 + (29 - 104)).
18
Evaluate 24 + -62 + 126 + -56.
32
What is -2169 + 2080 - (-142 + 1)?
52
81 + (12 + -92 - -59)
60
What is 0 + -64 - (-8854 - -8871)?
-81
Calculate -1 - -21 - -1 - (235 - (42 + 209)).
37
39 + -57 + 10 + 3 + 25
20
Calculate -26 + -3 + 13 + -3 + -9 + -8.
-36
Evaluate 30 - (17 + -21) - -27.
61
Calculate -32 + (-63 - -62 - (1 + -10)) + -16.
-40
27 + 131 + -234 + 3 + 4
-69
What is the value of 13 + 1 + (-73 - (-19 + -7))?
-33
What is 38 + -9 + (-3 + -11 - -18) + -8?
25
What is -11 - (-28 - -8 - -8)?
1
Calculate 2 + -5 + -8 + 28 + -4 - 22.
-9
What is the value of 1 - (-36 + 15 + (-19 - -10))?
31
Calculate (0 - -25) + -493 + 473 - 35.
-30
(-19 + 37 - -7 - 